 -9. Suppose -3*k + 12 = 0, -2*z + 2032 = n*k + 558. Is z a composite number?
True
Suppose 168*z + 175*z = 316*z + 6444873. Is z a composite number?
True
Suppose -d = -4*d - 483. Suppose 0 = -5*y - 75 + 40. Is (-108261)/d - 4/y a composite number?
False
Suppose -13*b - 15 = -18*b. Suppose 3*t - t = -6, b*t - 36876 = -5*l. Is l a prime number?
False
Let p(h) = 15*h**3 - 117*h**2 - 7*h + 2. Is p(13) a composite number?
False
Let o = -136 + 142. Is 14476/o - 2/(9 - 15) prime?
False
Let v = -3336 - -6546. Suppose -13*x + v = -3*x. Suppose x + 619 = 4*o. Is o a composite number?
True
Let m be 30/(-10) + -1 - (-7 + 1). Suppose 0 = -5*w + 14096 + 11524. Suppose -5*j = 4*l - 6841, 3*j = m*l + l - w. Is l a prime number?
True
Suppose -106036 = -1239*z + 1228*z + 131025. Is z composite?
True
Suppose -41*g + 3854120 = -g. Is g composite?
False
Suppose 261446 = -6*q + 270009 + 684431. Is q prime?
True
Let j = 58 + -50. Suppose 0 = -j*k + 2*k + 4326. Is k prime?
False
Let x be (-395)/30 + 6/36. Is ((-39)/18)/x - (-55542)/36 a composite number?
False
Suppose -5*v = -8*c + 5*c + 464190, 2*c - 309453 = v. Suppose 159133 = 46*a - c. Is a composite?
False
Let o = 102 - -269. Let v = o + 36. Is v a prime number?
False
Suppose 2*r - 272 = 104. Let u = r + -306. Let n = 259 + u. Is n composite?
True
Let z(k) = 153*k**2 + 12*k + 178. Is z(-23) composite?
True
Let v(d) = 226*d**3 - 80*d**2 - 7*d - 29. Is v(10) composite?
False
Let d = 101 + -107. Is ((-29691)/(-18))/(d/(-12)) prime?
True
Suppose -s + 4*u = -4, 4*u + 5 - 13 = 2*s. Let m(w) = 9*w**2 - 10*w + 23. Let v(y) = -8*y**2 + 9*y - 22. Let p(r) = -5*m(r) - 6*v(r). Is p(s) prime?
False
Let m(z) = -4960*z + 3. Let w be m(-1). Let f = w - 110. Is f a prime number?
False
Suppose 0 = -4*c + 1039 - 15. Let d = c - 203. Is d prime?
True
Suppose 2*w = -11*w. Suppose -3*g + 40 = 2*a, w*g - 4*g = a - 45. Is 46 - -10*5/g prime?
False
Suppose 0 = 4*k + 4, -49 = 2*g - 2*k + 887. Let s = -310 - g. Is s a composite number?
True
Let h(n) = -376*n**3 + 8*n**2 - 45*n - 578. Is h(-9) a composite number?
False
Let y(i) = -45*i**3 + 6*i**2 - 5*i - 18. Let z be y(-5). Suppose b - 88 = 171. Suppose -3*j + z = b. Is j composite?
True
Suppose 4*t - t - 47400 = 106377. Is t a composite number?
True
Let r = 1774581 - 1232860. Is r prime?
True
Is 2 + 16/((-112)/(-2774037)) a composite number?
False
Let s = 11885 + 22339. Let v = 51775 - s. Is v composite?
False
Suppose -27*z = -288292 - 339971. Is z a prime number?
True
Let h be (-1 + -40)*(0 - 190/5). Suppose 2*z + 3*f - h = 76, 2*z - 3*f - 1634 = 0. Let u = z + -96. Is u prime?
False
Suppose 0 = -2*i - 5*z + 526929, -9*z + 4*z + 1053863 = 4*i. Is i composite?
True
Is 6914*(-1 + 14)/26 a composite number?
False
Suppose -4*i + 5*i = 0. Let t be (-22 + (i - 2))*24/(-36). Let k = 42 + t. Is k a prime number?
False
Let y = 48 - 44. Let g be 1174/y*(8 - 18). Is g/(-7) + 34/(-119) composite?
False
Let h = 111 - 113. Let v(r) = 16*r**3 - r**2 - 5*r - 13. Let x be v(h). Let l = x + 2264. Is l composite?
False
Suppose -w - 1709 + 11384 = 0. Let x = 9560 + w. Is x a prime number?
False
Let b(j) = 2*j**3 - 11*j**2 + 19*j - 5. Let k = 51 + -45. Is b(k) a composite number?
True
Let v = 119858 - 84945. Is v a composite number?
False
Is 671369/9 - (1130/90 + -13) prime?
True
Suppose 4*o - 4*f - 348388 = 0, 3*o + 162*f = 164*f + 261291. Is o prime?
False
Let a(u) = 13*u + 6. Let m be a(-4). Let b = -101 - m. Is (1874/(-5))/(11/b) prime?
False
Let b be 2/(-8) - 99/(-12). Let a(x) = 3*x - 24. Let j be a(b). Suppose -2*u - 2*d + 840 = j, 2*d = -u + 502 - 81. Is u a prime number?
True
Let l = -10 + 14. Suppose 2964 = 5*q + 4*i, -8*q + l*i + 2364 = -4*q. Suppose -q - 723 = -5*w. Is w composite?
False
Suppose u - 915905 = 556466. Is u prime?
True
Suppose -340*r + 341*r - 471414 = 5*o, 5*r - 2356955 = 2*o. Is r a composite number?
False
Let t(m) = 101*m + 3. Suppose 0 = -9*d - 3*d + 1008. Suppose 0 = d*c - 82*c - 32. Is t(c) a prime number?
True
Is ((-452319)/(-28) - 2) + (-3)/(-4) composite?
True
Let k be 48 - 2/(6/9) - -1. Let a = k + -50. Is (106/(-2))/(((-16)/(-236))/a) a prime number?
False
Let o be (674/4)/(-3 - (-21)/6). Let s = o - -636. Suppose 0 = -0*n + 7*n - s. Is n prime?
True
Suppose 3*c - 3 = -3*a, -3*c + 6*c = 3*a + 3. Let s(h) = -h**2 - 4*h + 3197. Is s(a) composite?
True
Let a be (-2)/18 - (-4465)/171. Suppose a*c - 32284 = 14386. Is c composite?
True
Let g(n) = -1125*n + 35. Let q(p) = -1126*p + 40. Let h(x) = 3*g(x) - 4*q(x). Is h(6) composite?
False
Let j be (-11)/22 + (-118)/(-4). Let m(w) = -j*w - w**2 + 34*w + 3*w**2 - 23. Is m(-20) a composite number?
False
Suppose 2*i - z = 3*z + 534, -1368 = -5*i - z. Let x = 4180 - i. Is x composite?
False
Suppose -232*b + 114005 + 207928 = -229*b. Is b a composite number?
True
Suppose -51*n - 41*n + 100*n = 448304. Is n prime?
False
Is (6/(210/(-3353)))/((-4)/(1 + 4459)) a prime number?
False
Let a = 63 + -59. Suppose 107 = -a*b + 115. Suppose -b*y + 2*n + 3266 = 0, y - 1645 = -0*y - 2*n. Is y a prime number?
True
Suppose -6*m + 19896 = -123318. Is m composite?
False
Let h(i) = 284*i + 3. Let j be h(1). Let g = 765 - j. Let t = g - 287. Is t composite?
False
Let k = 394 + -395. Let d(a) = -15865*a - 6. Is d(k) a composite number?
False
Is (-27)/(324/300) - -219204 composite?
True
Suppose 16*c - 21*c + 115 = 0. Let v = 27 - c. Is (-3)/6 - (-1486)/v composite?
True
Let y be 1969/(-4) - (-15)/(-20). Let r = 613 - y. Let d = r + -291. Is d a prime number?
False
Let j(s) = 269*s + 29. Let p be j(6). Suppose 2*v + 5*n - p = 1333, -5*n = 5*v - 7410. Is v composite?
True
Let o(w) be the third derivative of 221*w**4/24 + 7*w**3/2 - 9*w**2. Let r(g) = -g**3 + 5*g**2 + 2*g - 4. Let j be r(5). Is o(j) a prime number?
False
Suppose -5*g = -10, -b - 10*g + 8*g = -15. Let r(z) = 563*z + 34. Let p be r(b). Suppose 4*q + 0*c - p = -3*c, 0 = -q + 4*c + 1571. Is q a composite number?
False
Let w(b) = -8 + 2*b - 7 + 7 - 12. Let v be w(10). Suppose -u + 1050 - 187 = v. Is u composite?
False
Let d = -3 + 3. Suppose 3*o = 6, o = -6*m + 3*m + 11. Suppose 4*v - 15097 = -v - m*p, -5*p + 20 = d. Is v a composite number?
True
Suppose -5*d + 23 + 5 = s, 4*s - 5*d + 13 = 0. Suppose -p + 8 = l + 2, s*p - 3 = 2*l. Suppose 5*v - p*v - 510 = 4*q, 0 = -4*v - 4*q + 1068. Is v composite?
False
Let c(y) = 24*y**3 - 9*y**2 - 14*y. Suppose 0 = -104*q + 117*q - 65. Is c(q) a prime number?
False
Let h(f) = -316*f - 1. Let i be h(-6). Suppose 211 - i = 4*g. Let u = g + 798. Is u a prime number?
False
Let y(k) be the second derivative of -24*k + 0 + 1/2*k**3 + 13/2*k**2 + 31/12*k**4. Is y(-8) prime?
True
Suppose 236*c = -40*c + 32972340. Is c composite?
True
Let x(i) = i**2 - i. Let q(c) = -220*c**2 - c + 6. Let t(j) = -q(j) - 4*x(j). Let h be t(3). Suppose 4*r - h - 3971 = 0. Is r a prime number?
True
Let j = 223462 - 153191. Is j a prime number?
True
Let x be 52/(-9) + (-5)/(45/2). Let k(f) = -867*f + 71. Is k(x) prime?
True
Suppose 0 = 3*a + 6, 4*d - 52 = -a + 3*a. Suppose 4*i = 0, -o - o - 4*i = -d. Suppose -b + 337 = 2*p, 4*b + 4*p = o*b - 666. Is b a composite number?
True
Suppose -29*c + 25*c + 36 = 0. Let y(o) = 2*o**2 - 15*o - 18. Let i be y(c). Is 12/(-18) - (-4443)/i composite?
True
Let h(c) = 11*c + 87. Let w be h(-9). Is ((-66)/w)/((-1)/(-634)) prime?
False
Suppose -4*o - 5*y = -740059, 3*o + 5*o + 5*y = 1480143. Is o a composite number?
False
Let m(s) = s**2 + 2*s + 4. Suppose 7*q = 4*q - 6. Let b be m(q). Suppose -g = 3*n - 74, -24 = 4*n - b. Is g a composite number?
False
Let x = -30593 + 77278. Is x composite?
True
Let k = -33 - -33. Let l be (37/(-3))/((-1)/6). Suppose k = -f + 665 + l. Is f a prime number?
True
Let m(u) = -28*u**2 - 2*u - 1. Let s be m(-2). Let y = s - -112. Suppose -2*a = y*a - 5055. Is a a composite number?
True
Suppose -2*c = 1 + 1, -254 = -3*n - c. Suppose n = -0*i + 5*i. Let y = 50 + i. Is y prime?
True
Suppose -3*p = -7*g + 5*g - 323101, -3*g = -5*p + 538502. Is p composite?
True
Let g(l) = -276*l + 78*l + 74 - 123*l - 259*l. Is g(-6) prime?
False
Suppose 2381 + 2397 = 2*p. Let b = -1964 + 346. Let q = p + b. Is q a composite number?
True
Let y be (-4)/(-6) + -5*(-104)/120. Suppose -y*w + 3518 - 313 = 0. Is w a prime number?
True
Let k(a) = 35*a